, -3*g = -4*k - 6*g + 52. Let m be 8*k/6*(-1827)/(-84). What is the highest common factor of m and 58?
58
Let y = 7648 - 2035. What is the highest common divisor of 3 and y?
3
Let s(x) = x + 102. Let v be (2/4)/(12/408). Let g be s(v). Calculate the greatest common factor of 51 and g.
17
Let t(a) = -5*a**2 - 14*a - 39. Let q be t(-4). Let p be (-140)/q*(-36)/(-8). What is the highest common divisor of 2 and p?
2
Let s be 358/(-15) - -7*2/(-105). Let z = s - -31. Suppose -z*m = 2*m - 198. What is the highest common divisor of 22 and m?
22
Let o be (-3)/1 + 5 - -475. Let l = 497 - o. Let q = -9 - -89. Calculate the highest common factor of q and l.
20
Suppose 5*i + 1651*c = 1652*c + 615, 3*i - 381 = 3*c. Calculate the highest common factor of 7198 and i.
122
Suppose -24 = -6*n - 2*n. Let q(c) = -2 + c**2 + 6 - n + 0*c**2 + 4*c. Let o be q(-5). What is the highest common factor of 42 and o?
6
Let l be ((-10)/(-19))/(-5) - (-227370)/1235. Calculate the greatest common factor of 40 and l.
8
Let d = 2669 - 2660. What is the greatest common factor of d and 39?
3
Suppose -2*d = -2*a + 2020 - 26942, -5*d - 2*a + 62319 = 0. What is the greatest common factor of 55 and d?
11
Let n be ((-2)/(-1) - -105) + 1. Let c be 3/6*-14 + -223. Let d = c - -302. What is the highest common divisor of n and d?
36
Let f(y) = -9*y**3 - 5*y**2 + 6*y + 129. Let s be f(-7). Calculate the greatest common divisor of s and 29.
29
Suppose -6887 + 6139 = -22*s. What is the greatest common divisor of s and 77758?
34
Let g = 6624 + -3181. Calculate the highest common factor of g and 11.
11
Let y(t) = t**2 + 22*t - 24. Let p be y(5). Calculate the highest common factor of 2886 and p.
111
Suppose 2*h = 8*x - 11*x + 9108, 4*h = 3*x + 18198. What is the greatest common divisor of h and 222?
111
Suppose -4*h + 125*h - 635222 = -36*h. Calculate the greatest common factor of h and 14.
14
Let l(m) = 6*m - 175*m**2 - 40 - 173*m**2 + m**3 + 347*m**2. Let n be l(4). What is the greatest common factor of n and 4?
4
Let u = 59 - -71. Let s(y) = -18*y + 4 - 12 + 41 - 28*y**2 + 29*y**2. Let q be s(19). Calculate the greatest common divisor of q and u.
26
Let n = 155 + -99. Suppose 3*q - 300 = 4*v, -64*v + 58*v = 4*q - 502. Calculate the highest common factor of n and q.
56
Suppose 0 = 43*j - 34*j - 18. Suppose -2*b - 2*q + 212 = 0, -j*q - 144 - 88 = -2*b. Calculate the highest common factor of b and 37.
37
Suppose 2 = 4*j - 38. Let y(u) = 60*u - 380. Let t be y(7). Suppose 0 = -t*b + 259 + 1741. Calculate the greatest common factor of j and b.
10
Let b = -23 + 23. Suppose 5*t + 5*a + 1201 - 5366 = b, 3*t = 3*a + 2493. Suppose 5*c - c - t = 0. What is the highest common divisor of c and 26?
26
Let p = -217 + 225. Suppose 4*o + 155 = a, -13*a + p*a - 5*o = -900. Calculate the highest common factor of 25 and a.
25
Let h(r) = 2*r**2 - 64*r + 784. Let i be h(11). What is the highest common divisor of 368 and i?
46
Let i(m) = 3*m**2 - 31*m + 10. Let k = 33 - 12. Let w be i(k). What is the greatest common divisor of w and 62?
62
Let h(t) = t**3 - 2*t**2 + 2*t + 37. Suppose 0 = 20*m - 22*m. Let c be h(m). Calculate the highest common divisor of c and 37.
37
Let v be (-4 + (-1655)/15)/((-33932)/1785 - -19). What is the highest common divisor of 2058 and v?
343
Let i(k) = -k**2 - 21*k + 5. Let j be i(-21). Suppose -j*l + 2*q - 189 = -1035, 2*l + 5*q = 321. Calculate the highest common divisor of 21 and l.
21
Let j(f) = f**2 + 8*f + 8. Let z be j(-6). Let r be (0 - 2/6) + 255/9. Let u be (24/(-7))/(z/r). What is the highest common divisor of 36 and u?
12
Let u be 7/2 + ((-147)/14)/21. Suppose -u*v - 3*t + 3 = -0, 0 = -5*t - 10. Calculate the greatest common factor of v and 15.
3
Let v(a) = -2*a**2 + 4*a**2 + 18*a**2. Let c(o) = -o**2 - 12*o + 12. Let q be c(-13). Let s be v(q). What is the greatest common divisor of s and 70?
10
Let w(u) = -8*u**2 - 63*u + 147. Let n be w(-7). Calculate the greatest common divisor of n and 112.
28
Let o = 41 - -57. Let p = o - 43. Suppose 8*j - 230 = -54. Calculate the highest common factor of j and p.
11
Let x(w) = -w**3 + 6*w + 85. Let c be x(0). Suppose 2*k + 5*l = c, -7 = -k + 2*l + 22. What is the highest common divisor of 21 and k?
7
Suppose 1282 = 4*y - 13*w + 14*w, 3*w = 5*y - 1594. Let b = y + -317. Calculate the highest common factor of 21 and b.
3
Suppose 5*d = -1644 + 1694. Let y(i) = 69*i + 228. Let p be y(d). Calculate the greatest common divisor of 68 and p.
34
Let v = -2005 + 3701. What is the highest common factor of v and 96?
32
Let g be (-15 - -16) + 1*7. Let j(h) = 2*h**2 - 12*h - 22. Let m be j(9). Calculate the greatest common factor of m and g.
8
Let w = 3251 + -3221. Let x = -16 - -28. Calculate the greatest common factor of x and w.
6
Let x = 2184 + -2069. Suppose -2*m = m - 4*b - 365, -4*m + 528 = 5*b. Let j = x + m. What is the greatest common factor of j and 22?
22
Let p be (-6)/((-1)/(8/4)). Let q be 6/p + (567/2)/9. What is the highest common factor of 104 and q?
8
Let p = -57 - -70. Let f = 21 - p. Suppose -f*q - 3 = -9*q. What is the highest common divisor of q and 3?
3
Suppose -5*b - 6 = -3*a, 3*b = -0*a - 2*a + 4. Suppose -a*z + 391 = 3*z - h, -2*z + 158 = -2*h. Let c = -52 + z. What is the highest common divisor of 65 and c?
13
Suppose 0 = -27*s - 58*s - 30093 + 177993. What is the greatest common divisor of s and 330?
30
Let a = -51 + 81. Let k(h) = 2*h - 10*h + 30*h - 43*h**2 + 5 + 22*h - h**3. Let d be k(-44). Calculate the highest common factor of d and a.
5
Suppose 0 = 176*f - 157*f - 3040. Calculate the greatest common factor of f and 1360.
80
Let p = 13249 + -12857. What is the highest common divisor of p and 1120?
56
Let k = -57 + 70. Let r = k + 131. Suppose -r = -3*l + 15. What is the greatest common factor of l and 106?
53
Suppose 90 = 62*i - 52*i. Let r(u) = u**2 + 15*u + 15. Let a be r(-10). Let y be (1386/a)/(2/(-5)). Calculate the highest common factor of y and i.
9
Suppose -6 = -3*l, 4*l - 143 = 2*r - 687. Calculate the greatest common divisor of 1817 and r.
23
Let d = 21 + -28. Let t(m) = -m - 5. Let h be t(d). Let b be -2*(1/(-3))/(h/30). Calculate the highest common divisor of 5 and b.
5
Let l(r) = -20*r - 75. Suppose -2*p - 18 + 30 = 4*w, 5*w = 3*p + 37. Let x be l(p). What is the greatest common divisor of x and 85?
5
Let q(u) = -27*u - 494. Let k be q(-13). Let j be 19/((-2)/(-14)*-1). Let a = j - k. What is the greatest common factor of 10 and a?
10
Let t be 230/(-138) + -1202*(-2)/6 + -4. What is the greatest common factor of 3397 and t?
79
Let m = 63 + -60. Suppose 0*y + 24 = 3*y - m*b, -5*y + b + 56 = 0. Suppose t - 3*t + 168 = 0. Calculate the highest common factor of t and y.
12
Let b(t) = 97*t - 307*t - 48 + 100*t + 104*t. Let z be b(-9). What is the greatest common divisor of 2 and z?
2
Let x = -30 - -50. Let t = 30 - 15. Suppose 5 + t = 4*c. What is the greatest common divisor of x and c?
5
Let x = 317 + -303. Suppose n + 4*n - 4*l = 0, 2*n - 3*l + 7 = 0. Suppose -2*s = 3*j - n, 5*j + s - 7 = 2. Calculate the greatest common factor of x and j.
2
Let x = 928 + -501. Let p = -283 + x. Calculate the highest common divisor of 252 and p.
36
Let u(j) = -j**3 - 15*j**2 + 84*j + 786. Let l be u(-18). What is the highest common factor of 26322 and l?
246
Suppose -6*v = -p - 2*v + 67, 5*p = 4*v + 271. Suppose -c + 76*q = 78*q - 87, 5*q = -2*c + 175. Calculate the highest common factor of p and c.
17
Let y = 27966 - 25968. Calculate the greatest common divisor of 1554 and y.
222
Suppose 2*k - 5*x + 25 = 0, -2*x + 10 = -7*k + 3*k. Suppose 20*v - 12*v - 328 = k. Suppose v - 160 = -h. Calculate the greatest common divisor of 7 and h.
7
Let x(c) be the third derivative of 3*c**5/20 + c**4/12 + 5*c**3/6 - 48*c**2. Let u be x(2). Calculate the greatest common factor of u and 90.
45
Let a = 113 - 48. Let m = -131490 - -131495. What is the greatest common factor of m and a?
5
Suppose 2*m - 978 = -v + 7*m, 2*v = -4*m + 1984. What is the highest common factor of 312 and v?
52
Suppose -2511 - 893 = -37*v. Calculate the greatest common divisor of v and 10.
2
Let l(t) = -315*t - 6927. Let a be l(-22). Let i(s) = 16*s - 1. Let g be i(1). What is the highest common divisor of a and g?
3
Suppose -14346752 = 14*a - 168*a - 294*a. 